{"id":2,"date":"2015-07-29T16:28:56","date_gmt":"2015-07-29T14:28:56","guid":{"rendered":"http:\/\/gnd-ev.de\/wordpress\/?page_id=2"},"modified":"2026-04-01T19:45:03","modified_gmt":"2026-04-01T17:45:03","slug":"home","status":"publish","type":"page","link":"https:\/\/gnd-ev.de\/wordpress\/","title":{"rendered":"Home"},"content":{"rendered":"<h2 style=\"text-align: center;\"><a href=\"http:\/\/gnd-ev.de\/wordpress\/wp-content\/uploads\/2019\/03\/logo3-e1553615538683.png\"><img loading=\"lazy\" decoding=\"async\" class=\"alignnone  wp-image-422\" src=\"http:\/\/gnd-ev.de\/wordpress\/wp-content\/uploads\/2019\/03\/logo3-e1553615538683-300x108.png\" alt=\"\" width=\"555\" height=\"200\" srcset=\"https:\/\/gnd-ev.de\/wordpress\/wp-content\/uploads\/2019\/03\/logo3-e1553615538683-300x108.png 300w, https:\/\/gnd-ev.de\/wordpress\/wp-content\/uploads\/2019\/03\/logo3-e1553615538683-768x276.png 768w, https:\/\/gnd-ev.de\/wordpress\/wp-content\/uploads\/2019\/03\/logo3-e1553615538683-1024x368.png 1024w, https:\/\/gnd-ev.de\/wordpress\/wp-content\/uploads\/2019\/03\/logo3-e1553615538683.png 1793w\" sizes=\"auto, (max-width: 555px) 100vw, 555px\" \/><\/a><\/h2>\n<p style=\"text-align: center;\">&#8211; Mitglied bei der <a href=\"http:\/\/www.diakonie-hessen.de\/\">Diakonie Hessen<\/a> &#8211;<\/p>\n<p style=\"text-align: center;\">Der gemeinn\u00fctzige Verein <strong>Gefangenen-Nichtsesshaftenhilfe Darmstadt e.V. &#8211; GND e.V. <\/strong>unterh\u00e4lt zwei Wohn- und Betreuungseinrichtungen f\u00fcr M\u00e4nner und Frauen mit besonderen sozialen Schwierigkeiten.<\/p>\n<p style=\"text-align: center;\"><a href=\"http:\/\/gnd-ev.de\/wordpress\/wp-content\/uploads\/2015\/07\/GND-Flyer.pdf\">GND-Flyer<\/a><\/p>\n<p style=\"text-align: center;\">Wenn Sie unsere Arbeit mit einer Geldspende unterst\u00fctzen wollen, freuen wir uns sehr. Ihre Spende ist steuerabzugsf\u00e4hig.<\/p>\n<h6 style=\"text-align: center;\"><input name=\"cmd\" type=\"hidden\" value=\"_s-xclick\" \/><\/h6>\n<h2 style=\"text-align: center;\"><input name=\"hosted_button_id\" type=\"hidden\" value=\"6LEAGREMUU782\" \/><\/h2>\n<h5 style=\"text-align: center;\"><a href=\"http:\/\/gnd-ev.de\/wordpress\/wp-content\/uploads\/2026\/04\/Spendenmitteilung-Homepage.pdf\"><input alt=\"Jetzt einfach, schnell und sicher online bezahlen \u2013 mit PayPal.\" name=\"submit\" src=\"https:\/\/www.paypalobjects.com\/de_DE\/DE\/i\/btn\/btn_donateCC_LG.gif\" type=\"image\" \/><\/a><\/h5>\n<p style=\"text-align: center;\">Sachspenden wie z.B. Kochgeschirr, Bettw\u00e4sche, Elektro-Kleinger\u00e4te, M\u00e4nnerkleidung sowie Hygieneartikel nehmen wir ebenfalls sehr gerne an.<\/p>\n<h6 style=\"text-align: center;\"><a href=\"http:\/\/gnd-ev.de\/wordpress\/wp-content\/uploads\/2018\/04\/Datenschutzerkl\u00e4rung.pdf\" target=\"_blank\" rel=\"noopener noreferrer\"><strong>Datenschutzerkl\u00e4rung<\/strong><\/a><img loading=\"lazy\" decoding=\"async\" style=\"display: none !important;\" hidden=\"\" src=\"https:\/\/www.paypalobjects.com\/de_DE\/i\/scr\/pixel.gif\" alt=\"\" width=\"1\" height=\"1\" border=\"0\" \/><\/h6>\n\n\n<p><\/p>\n","protected":false},"excerpt":{"rendered":"<p>&#8211; Mitglied bei der Diakonie Hessen &#8211; Der gemeinn\u00fctzige Verein Gefangenen-Nichtsesshaftenhilfe Darmstadt e.V. &#8211; GND e.V. unterh\u00e4lt zwei Wohn- und<\/p>\n<p class=\"readmore\"><a href=\"https:\/\/gnd-ev.de\/wordpress\/\" title=\"Read Home\">Read more &raquo;<\/a><\/p>\n","protected":false},"author":1,"featured_media":181,"parent":0,"menu_order":0,"comment_status":"closed","ping_status":"closed","template":"","meta":{"footnotes":""},"class_list":["post-2","page","type-page","status-publish","has-post-thumbnail","hentry"],"_links":{"self":[{"href":"https:\/\/gnd-ev.de\/wordpress\/wp-json\/wp\/v2\/pages\/2","targetHints":{"allow":["GET"]}}],"collection":[{"href":"https:\/\/gnd-ev.de\/wordpress\/wp-json\/wp\/v2\/pages"}],"about":[{"href":"https:\/\/gnd-ev.de\/wordpress\/wp-json\/wp\/v2\/types\/page"}],"author":[{"embeddable":true,"href":"https:\/\/gnd-ev.de\/wordpress\/wp-json\/wp\/v2\/users\/1"}],"replies":[{"embeddable":true,"href":"https:\/\/gnd-ev.de\/wordpress\/wp-json\/wp\/v2\/comments?post=2"}],"version-history":[{"count":66,"href":"https:\/\/gnd-ev.de\/wordpress\/wp-json\/wp\/v2\/pages\/2\/revisions"}],"predecessor-version":[{"id":663,"href":"https:\/\/gnd-ev.de\/wordpress\/wp-json\/wp\/v2\/pages\/2\/revisions\/663"}],"wp:featuredmedia":[{"embeddable":true,"href":"https:\/\/gnd-ev.de\/wordpress\/wp-json\/wp\/v2\/media\/181"}],"wp:attachment":[{"href":"https:\/\/gnd-ev.de\/wordpress\/wp-json\/wp\/v2\/media?parent=2"}],"curies":[{"name":"wp","href":"https:\/\/api.w.org\/{rel}","templated":true}]}}