{"id":65,"date":"2015-11-04T18:35:08","date_gmt":"2015-11-04T17:35:08","guid":{"rendered":"http:\/\/gnd-ev.de\/wordpress\/?page_id=65"},"modified":"2026-03-10T15:14:48","modified_gmt":"2026-03-10T14:14:48","slug":"mitarbeiter","status":"publish","type":"page","link":"https:\/\/gnd-ev.de\/wordpress\/mitarbeiter\/","title":{"rendered":"Mitarbeiter*innen und Vorstand"},"content":{"rendered":"<p data-start=\"106\" data-end=\"498\">Unser hauptamtliches Team besteht aus der Gesch\u00e4ftsf\u00fchrerin sowie zwei Sozialarbeiter*innen, die jeweils f\u00fcr eines unserer H\u00e4user zust\u00e4ndig sind. Die Mitarbeiter*innen arbeiten in ihren Betreuungseinrichtungen eigenst\u00e4ndig und treffen Entscheidungen auf Grundlage fachlicher Kriterien und orientiert am individuellen Bedarf der Klient*innen.<\/p>\n<p data-start=\"500\" data-end=\"791\">Erg\u00e4nzt wird das sozialp\u00e4dagogische Team durch einen Buchhalter und einen Hausmeister, die beide in Teilzeit t\u00e4tig sind. Zudem bieten wir Studierenden der Sozialen Arbeit regelm\u00e4\u00dfig die M\u00f6glichkeit, ihr integriertes Praktikum bei uns zu absolvieren und von unserem Team fachlich begleitet und angelernt zu werden.<\/p>\n<p data-start=\"148\" data-end=\"270\"><strong data-start=\"495\" data-end=\"513\">Gesch\u00e4ftsf\u00fchrung<\/strong><br data-start=\"513\" data-end=\"516\" \/><em>Diana Behn<\/em>, Klinische Sozialarbeiterin M.A.<br data-start=\"195\" data-end=\"198\" \/>begleitet von <em>Bella,<\/em> vierbeinige Feel-Good-Managerin f\u00fcr Team und Bewohner*innen<\/p>\n<p data-start=\"495\" data-end=\"551\"><strong data-start=\"495\" data-end=\"513\">Haus Arheilgen<\/strong><br data-start=\"513\" data-end=\"516\" \/><em>Benno Meny<\/em>, Sozialarbeiter B.A.<\/p>\n<p data-start=\"553\" data-end=\"719\"><strong data-start=\"553\" data-end=\"571\">Haus Griesheim<\/strong><br data-start=\"571\" data-end=\"574\" \/><em>Michelle Haste<\/em>, Sozialarbeiterin LL.B. und stellvertretende Gesch\u00e4ftsf\u00fchrerin<br data-start=\"616\" data-end=\"619\" \/>unterst\u00fctzt durch <em>Frieda<\/em>, vierbeinige Feel-Good-Managerin f\u00fcr Team und Bewohner*innen<\/p>\n<p data-start=\"553\" data-end=\"719\">\u00a0<\/p>\n\n\n<p>Unser <strong>Vorstand<\/strong> ist ehrenamtlich t\u00e4tig und hat folgende Aufgaben:<\/p>\n\n\n\n<ul class=\"wp-block-list\">\n<li>Er f\u00fchrt die Beschl\u00fcsse der Mitgliederversammlung aus<\/li>\n\n\n\n<li>Er beschlie\u00dft \u00fcber alle Vereinsangelegenheiten, soweit sie nicht ausdr\u00fccklich der Mitgliederversammlung unterliegen<\/li>\n\n\n\n<li>Er beruft den\/die hauptamtliche*n Gesch\u00e4ftsf\u00fchrer*in<\/li>\n<\/ul>\n\n\n\n<p>Unser <strong>Vorstand<\/strong> besteht aus:<br><em><em>Peter Sch\u00fcttler<\/em>, <\/em>Diplom-Sozialp\u00e4dagoge (Vorsitzender) <br><em>Anselm Zeyer<\/em>, Sozialarbeiter\/Bew\u00e4hrungshelfer<br><em>Peter A. M\u00fcller<\/em>, Diplom-Sozialp\u00e4dagoge<br><\/p>\n","protected":false},"excerpt":{"rendered":"<p>Unser hauptamtliches Team besteht aus der Gesch\u00e4ftsf\u00fchrerin sowie zwei Sozialarbeiter*innen, die jeweils f\u00fcr eines unserer H\u00e4user zust\u00e4ndig sind. Die Mitarbeiter*innen<\/p>\n<p class=\"readmore\"><a href=\"https:\/\/gnd-ev.de\/wordpress\/mitarbeiter\/\" title=\"Read Mitarbeiter*innen und Vorstand\">Read more &raquo;<\/a><\/p>\n","protected":false},"author":2,"featured_media":0,"parent":0,"menu_order":0,"comment_status":"closed","ping_status":"closed","template":"","meta":{"footnotes":""},"class_list":["post-65","page","type-page","status-publish","hentry"],"_links":{"self":[{"href":"https:\/\/gnd-ev.de\/wordpress\/wp-json\/wp\/v2\/pages\/65","targetHints":{"allow":["GET"]}}],"collection":[{"href":"https:\/\/gnd-ev.de\/wordpress\/wp-json\/wp\/v2\/pages"}],"about":[{"href":"https:\/\/gnd-ev.de\/wordpress\/wp-json\/wp\/v2\/types\/page"}],"author":[{"embeddable":true,"href":"https:\/\/gnd-ev.de\/wordpress\/wp-json\/wp\/v2\/users\/2"}],"replies":[{"embeddable":true,"href":"https:\/\/gnd-ev.de\/wordpress\/wp-json\/wp\/v2\/comments?post=65"}],"version-history":[{"count":27,"href":"https:\/\/gnd-ev.de\/wordpress\/wp-json\/wp\/v2\/pages\/65\/revisions"}],"predecessor-version":[{"id":632,"href":"https:\/\/gnd-ev.de\/wordpress\/wp-json\/wp\/v2\/pages\/65\/revisions\/632"}],"wp:attachment":[{"href":"https:\/\/gnd-ev.de\/wordpress\/wp-json\/wp\/v2\/media?parent=65"}],"curies":[{"name":"wp","href":"https:\/\/api.w.org\/{rel}","templated":true}]}}