{"id":85,"date":"2015-11-09T14:42:53","date_gmt":"2015-11-09T13:42:53","guid":{"rendered":"http:\/\/gnd-ev.de\/wordpress\/?page_id=85"},"modified":"2026-04-08T13:52:46","modified_gmt":"2026-04-08T11:52:46","slug":"aufnahmevoraussetzungen","status":"publish","type":"page","link":"https:\/\/gnd-ev.de\/wordpress\/arbeitsweise\/aufnahmevoraussetzungen\/","title":{"rendered":"Aufnahmevoraussetzungen"},"content":{"rendered":"<p style=\"text-align: justify;\">Die Kontaktaufnahme erfolgt durch Vermittlung von Justizvollzugsanstalten, Bew\u00e4hrungshilfe, Jugendgerichtshilfe, Sozial\u00e4mtern, ambulanten Hilfen, Einrichtungen oder durch die Interessenten selbst. Vor einer Aufnahme werden grundlegend Informationsgespr\u00e4che gef\u00fchrt. Die Gespr\u00e4che k\u00f6nnen pers\u00f6nlich in den Justizvollzugsanstalten, in anderen Einrichtungen oder bei uns in der Einrichtung stattfinden. Ebenfalls ist es m\u00f6glich Gespr\u00e4che online durchzuf\u00fchren.<\/p>\n<p style=\"text-align: justify;\">Voraussetzung f\u00fcr die Aufnahme ist die grunds\u00e4tzliche Bereitschaft, die eigene Situation positiv zu ver\u00e4ndern sowie die pers\u00f6nlichen Ressourcen zu nutzen und weiter zu entwickeln. Dies beinhaltet die Bereitschaft, in Frage kommende finanzielle Anspr\u00fcche geltend zu machen und M\u00f6glichkeiten zur Arbeitsmarktintegration aufzugreifen.<br \/>Aufnahme finden M\u00e4nner und Frauen im Alter ab 18 Jahren, die zur Personengruppe der \u00a7\u00a7 67-69 SGB XII geh\u00f6ren und f\u00fcr die vom zust\u00e4ndigen Kostentr\u00e4ger eine Kostenzusage erteilt wird. Eine Aufnahme erfolgt unter der Voraussetzung, dass sich der Bewohner mit den Bestimmungen des <a href=\"http:\/\/gnd-ev.de\/wordpress\/wp-content\/uploads\/2026\/04\/Wohn-und-Betreuungsvertrag-ab-2026.pdf\">Wohn-und-Betreuungsvertrages<\/a> einverstanden erkl\u00e4rt und die F\u00e4higkeit zur Umsetzung erkennen l\u00e4sst.<\/p>\n<p data-start=\"245\" data-end=\"338\">Folgende Personengruppen k\u00f6nnen in unseren Einrichtungen <strong data-start=\"302\" data-end=\"337\">leider nicht aufgenommen werden<\/strong>:<\/p>\n<p data-start=\"340\" data-end=\"525\">\u2013 <strong data-start=\"342\" data-end=\"425\">Personen mit ausschlie\u00dflich einem Anspruch nach dem Asylbewerberleistungsgesetz<\/strong>,<br data-start=\"426\" data-end=\"429\" \/>da unsere Angebote nicht \u00fcber die entsprechenden Leistungsgrundlagen finanziert werden k\u00f6nnen.<\/p>\n<p data-start=\"789\" data-end=\"925\">\u2013 <strong data-start=\"791\" data-end=\"841\">Personen mit unzureichenden Deutschkenntnissen<\/strong>, da eine erfolgreiche Betreuung eine funktionierende Kommunikation voraussetzt.<\/p>\n<p data-start=\"927\" data-end=\"1082\">\u2013 <strong data-start=\"929\" data-end=\"1010\">Personen mit starken k\u00f6rperlichen Beeintr\u00e4chtigungen (z. B. Rollstuhlnutzung)<\/strong>, da unsere Einrichtungen nicht barrierefrei gestaltet sind.<\/p>\n<p data-start=\"1084\" data-end=\"1253\">\u2013 <strong data-start=\"1086\" data-end=\"1162\">Personen ohne ausreichende F\u00e4higkeit zur selbstst\u00e4ndigen Basisversorgung<\/strong>, da unsere Wohnangebote ein Mindestma\u00df an eigenst\u00e4ndiger Alltagsbew\u00e4ltigung erfordern.<\/p>\n<p style=\"text-align: justify;\">Nach einem Informationsgespr\u00e4ch muss ein Bewerber einen <a href=\"http:\/\/gnd-ev.de\/wordpress\/wp-content\/uploads\/2024\/01\/231218-Fragebogen.pdf\">Interessentenbogen<\/a> ausf\u00fcllen und vorlegen.<\/p>\n\n\n<p><\/p>\n","protected":false},"excerpt":{"rendered":"<p>Die Kontaktaufnahme erfolgt durch Vermittlung von Justizvollzugsanstalten, Bew\u00e4hrungshilfe, Jugendgerichtshilfe, Sozial\u00e4mtern, ambulanten Hilfen, Einrichtungen oder durch die Interessenten selbst. Vor einer<\/p>\n<p class=\"readmore\"><a href=\"https:\/\/gnd-ev.de\/wordpress\/arbeitsweise\/aufnahmevoraussetzungen\/\" title=\"Read Aufnahmevoraussetzungen\">Read more &raquo;<\/a><\/p>\n","protected":false},"author":2,"featured_media":0,"parent":42,"menu_order":0,"comment_status":"closed","ping_status":"closed","template":"","meta":{"footnotes":""},"class_list":["post-85","page","type-page","status-publish","hentry"],"_links":{"self":[{"href":"https:\/\/gnd-ev.de\/wordpress\/wp-json\/wp\/v2\/pages\/85","targetHints":{"allow":["GET"]}}],"collection":[{"href":"https:\/\/gnd-ev.de\/wordpress\/wp-json\/wp\/v2\/pages"}],"about":[{"href":"https:\/\/gnd-ev.de\/wordpress\/wp-json\/wp\/v2\/types\/page"}],"author":[{"embeddable":true,"href":"https:\/\/gnd-ev.de\/wordpress\/wp-json\/wp\/v2\/users\/2"}],"replies":[{"embeddable":true,"href":"https:\/\/gnd-ev.de\/wordpress\/wp-json\/wp\/v2\/comments?post=85"}],"version-history":[{"count":47,"href":"https:\/\/gnd-ev.de\/wordpress\/wp-json\/wp\/v2\/pages\/85\/revisions"}],"predecessor-version":[{"id":671,"href":"https:\/\/gnd-ev.de\/wordpress\/wp-json\/wp\/v2\/pages\/85\/revisions\/671"}],"up":[{"embeddable":true,"href":"https:\/\/gnd-ev.de\/wordpress\/wp-json\/wp\/v2\/pages\/42"}],"wp:attachment":[{"href":"https:\/\/gnd-ev.de\/wordpress\/wp-json\/wp\/v2\/media?parent=85"}],"curies":[{"name":"wp","href":"https:\/\/api.w.org\/{rel}","templated":true}]}}